{"id":24,"date":"2019-07-17T11:34:15","date_gmt":"2019-07-17T11:34:15","guid":{"rendered":"http:\/\/web.amelie-czerwenka.com\/?page_id=24"},"modified":"2024-11-26T14:38:18","modified_gmt":"2024-11-26T14:38:18","slug":"dramaturgie","status":"publish","type":"page","link":"https:\/\/amelie-czerwenka.com\/?page_id=24","title":{"rendered":"Dramaturgie"},"content":{"rendered":"\n<div class=\"wp-block-columns\">\n<div class=\"wp-block-column\">\n<blockquote class=\"wp-block-quote\"><p><strong><span style=\"color:#008e93\" class=\"has-inline-color\">Dramaturgie ist kein Geheimnis, sondern ein Hinh\u00f6ren, ein Hinsehen auf den Stoff.&nbsp;<\/span><\/strong><\/p><\/blockquote>\n\n\n\n<p>Egal welches Format und welches Genre: Ich begleite alle Ideen mit Leidenschaft.&nbsp;<\/p>\n\n\n\n<ul><li>Figurenerstellung<\/li><li>Lektorat unabh\u00e4ngig vom Stadium der Stoffentwicklung<\/li><li>Komplette Begleitung vom ersten Schritt bis zur Drehfassung<\/li><li>Drehbegleitung z.B. bei Improvisationsprojekten<\/li><li>Besonders bei Serien:&nbsp;<ul><li>Figurenentwicklung \u00fcber mehrere Staffeln<\/li><li>Erstellen von Staffelb\u00f6gen&nbsp;<\/li><li>Als schreibender Teil des Writer\u2019s Room oder Betreuung von au\u00dfen<\/li><\/ul><\/li><\/ul>\n\n\n\n<p>Ich freue mich auf Anfragen.&nbsp;<\/p>\n<\/div>\n\n\n\n<div class=\"wp-block-column\">\n<p>Ich bin ein Strukturnerd. Ich plotte mit Leidenschaft. Wenn alle Storylines, Characterarcs und Turning Points an ihrem Platz sitzen und ich rufe \u201eEs funktioniert!\u201c, dann sprie\u00dfen meine Endorphine.&nbsp;<\/p>\n\n\n\n<p>Dramaturgie spielt bei meinen eigenen Projekten eine gro\u00dfe Rolle, sei es das Ausprobieren von Erz\u00e4hlformen oder beim Serien-Mega-Puzzle. In Teamprojekten bin ich diejenige, die den \u00dcberblick beh\u00e4lt.&nbsp;<\/p>\n\n\n\n<p>Genauso gerne bin ich zur Stelle, wenn andere Autor*innen, Regisseur*innen oder Produzent*innen Unterst\u00fctzung brauchen: Unabh\u00e4ngig von Genre und Format habe ich schon einige Projekte dramaturgisch beraten und teils bis zum Dreh begleitet. \u00a0<\/p>\n\n\n\n<p>Meine Traumumgebung ist ein professioneller Serien Writer\u2019s Room. Mit Menschen zusammen arbeiten. Schreiben und als Dramaturgin beraten.<\/p>\n<\/div>\n<\/div>\n\n\n\n<p><\/p>\n","protected":false},"excerpt":{"rendered":"<p>Dramaturgie ist kein Geheimnis, sondern ein Hinh\u00f6ren, ein Hinsehen auf den Stoff.&nbsp; Egal welches Format und welches Genre: Ich begleite alle Ideen mit Leidenschaft.&nbsp; Figurenerstellung Lektorat unabh\u00e4ngig vom Stadium der Stoffentwicklung Komplette Begleitung vom ersten Schritt bis zur Drehfassung Drehbegleitung z.B. bei Improvisationsprojekten Besonders bei Serien:&nbsp; Figurenentwicklung \u00fcber mehrere Staffeln Erstellen von Staffelb\u00f6gen&nbsp; Als schreibender &hellip; <\/p>\n<p class=\"link-more\"><a href=\"https:\/\/amelie-czerwenka.com\/?page_id=24\" class=\"more-link\"><span class=\"screen-reader-text\">\u201eDramaturgie\u201c<\/span> weiterlesen<\/a><\/p>\n","protected":false},"author":1,"featured_media":0,"parent":0,"menu_order":0,"comment_status":"closed","ping_status":"closed","template":"","meta":{"spay_email":""},"_links":{"self":[{"href":"https:\/\/amelie-czerwenka.com\/index.php?rest_route=\/wp\/v2\/pages\/24"}],"collection":[{"href":"https:\/\/amelie-czerwenka.com\/index.php?rest_route=\/wp\/v2\/pages"}],"about":[{"href":"https:\/\/amelie-czerwenka.com\/index.php?rest_route=\/wp\/v2\/types\/page"}],"author":[{"embeddable":true,"href":"https:\/\/amelie-czerwenka.com\/index.php?rest_route=\/wp\/v2\/users\/1"}],"replies":[{"embeddable":true,"href":"https:\/\/amelie-czerwenka.com\/index.php?rest_route=%2Fwp%2Fv2%2Fcomments&post=24"}],"version-history":[{"count":5,"href":"https:\/\/amelie-czerwenka.com\/index.php?rest_route=\/wp\/v2\/pages\/24\/revisions"}],"predecessor-version":[{"id":195,"href":"https:\/\/amelie-czerwenka.com\/index.php?rest_route=\/wp\/v2\/pages\/24\/revisions\/195"}],"wp:attachment":[{"href":"https:\/\/amelie-czerwenka.com\/index.php?rest_route=%2Fwp%2Fv2%2Fmedia&parent=24"}],"curies":[{"name":"wp","href":"https:\/\/api.w.org\/{rel}","templated":true}]}}